{"id":15,"date":"2012-05-30T19:45:53","date_gmt":"2012-05-30T19:45:53","guid":{"rendered":"http:\/\/www.kansplusregiogemert.nl\/?page_id=15"},"modified":"2023-02-08T08:14:51","modified_gmt":"2023-02-08T08:14:51","slug":"het-bestuur","status":"publish","type":"page","link":"https:\/\/www.kansplusregiogemert.nl\/?page_id=15","title":{"rendered":"Het Bestuur"},"content":{"rendered":"<p>Het bestuur bestaat uit vrijwilligers, waarvan een aantal zelf ouder is van een kind met een verstandelijke beperking; anderen voelen zich betrokken. Wij streven er naar om uit ieder dorp, dat onder KansPlus regio Gemert valt, \u00e9\u00e9n of meer leden in het bestuur te hebben. Het bestuur organiseert en co\u00f6rdineert de eerder genoemde activiteiten en komt regelmatig (zo\u2019n 8 keer per jaar) bijeen en probeert zich op de hoogte te houden van de regionale en landelijke ontwikkelingen op het gebied van wonen, werken, recreatie, sport en voorzieningen voor mensen met een beperking. Hiertoe bezoeken afgevaardigden uit het bestuur regionale vergaderingen en overlegorganen en er is contact met diverse hulpverleningsinstellingen. De afdeling doet jaarlijks mee aan de landelijke collecte voor mensen met een verstandelijke beperking (Collecte Fonds Verstandelijke Gehandicapten). Om de 6 weken, m.u.v. de vakantiemaanden juli en augustus, wordt door de afdeling Gemert een nieuwsbrief uitgebracht met nieuws over het werk van het bestuur en de activiteiten binnen de afdeling.<\/p>\n<p><span style=\"color: #ffcc00;\"><strong><strong>Voorzitter:\u00a0\u00a0\u00a0\u00a0\u00a0\u00a0\u00a0\u00a0Ans van de Kerkhof\u00a0<a href=\"http:\/\/www.kansplusregiogemert.nl\/wp-content\/uploads\/2022\/10\/MVDK0828-2.jpg\" data-rel=\"lightbox-image-0\" data-rl_title=\"\" data-rl_caption=\"\" title=\"\"><img loading=\"lazy\" decoding=\"async\" class=\"alignright wp-image-9022 \" src=\"http:\/\/www.kansplusregiogemert.nl\/wp-content\/uploads\/2022\/10\/MVDK0828-2.jpg\" alt=\"\" width=\"105\" height=\"105\" srcset=\"https:\/\/www.kansplusregiogemert.nl\/wp-content\/uploads\/2022\/10\/MVDK0828-2.jpg 280w, https:\/\/www.kansplusregiogemert.nl\/wp-content\/uploads\/2022\/10\/MVDK0828-2-100x100.jpg 100w\" sizes=\"auto, (max-width: 105px) 100vw, 105px\" \/><\/a><\/strong><\/strong><\/span><\/p>\n<p>Dr. Timmerslaan 27, 5741 XG Beek en Donk<\/p>\n<p>Tel: 06<span style=\"font-weight: 300;\"> &#8211; 25042032 E-mail: <\/span><a style=\"font-weight: 300;\" href=\"mailto:ansvdkerkhof@onsmail.nl\">ansvdkerkhof@gmail.com<\/a><\/p>\n<p><span style=\"color: #ffcc00;\"><strong><strong>Secretaris:\u00a0 \u00a0 \u00a0 \u00a0<\/strong><\/strong><\/span><\/p>\n<p>E-mail: <a href=\"mailto:yvonnefaust21@gmail.com\">kansplusgemert@hotmail.com<\/a><\/p>\n<p><span style=\"color: #ffcc00;\"><strong>Penningmeester: \u00a0 \u00a0 \u00a0 \u00a0Jan Leenders<a href=\"http:\/\/www.kansplusregiogemert.nl\/wp-content\/uploads\/2022\/10\/MVDK2708.jpg\" data-rel=\"lightbox-image-1\" data-rl_title=\"\" data-rl_caption=\"\" title=\"\"><img loading=\"lazy\" decoding=\"async\" class=\"alignright wp-image-9025 \" src=\"http:\/\/www.kansplusregiogemert.nl\/wp-content\/uploads\/2022\/10\/MVDK2708.jpg\" alt=\"\" width=\"105\" height=\"105\" srcset=\"https:\/\/www.kansplusregiogemert.nl\/wp-content\/uploads\/2022\/10\/MVDK2708.jpg 280w, https:\/\/www.kansplusregiogemert.nl\/wp-content\/uploads\/2022\/10\/MVDK2708-100x100.jpg 100w\" sizes=\"auto, (max-width: 105px) 100vw, 105px\" \/><\/a><\/strong><\/span><\/p>\n<p>Oude Bemmerstraat 8, 5741 EB\u00a0 Beek en Donk<\/p>\n<p>Tel: 06-20643139 E-mail: <a href=\"mailto:kansplusgemert@hotmail.com\">kansplusgemert@hotmail.com<\/a><\/p>\n<p><strong><span style=\"color: #ffcc00;\">\u00a0 <\/span><\/strong><\/p>\n<p><span style=\"color: #000000; text-decoration: underline;\"><strong>Bestuursleden<\/strong><\/span><\/p>\n<p><span style=\"color: #ffcc00;\"><strong>Harrie van den Berg<\/strong><\/span><\/p>\n<p><span style=\"font-weight: 300;\">E-mail: <a href=\"mailto:yvonnefaust21@gmail.com\">kansplusgemert@hotmail.com<\/a><\/span><\/p>\n<p><span style=\"color: #ffcc00;\"><strong>Hanita Klerx<\/strong><\/span><\/p>\n<p><span style=\"font-weight: 300;\">E-mail: <a href=\"mailto:yvonnefaust21@gmail.com\">kansplusgemert@hotmail.com<\/a><\/span><\/p>\n<p><strong><span style=\"color: #ffcc00;\">Mark Roijackers\u00a0\u00a0<\/span><\/strong><\/p>\n<p>E-mail: <a href=\"mailto:yvonnefaust21@gmail.com\">kansplusgemert@hotmail.com<\/a><\/p>\n<p><span style=\"color: #ffcc00;\"><strong>Thea Royackers<\/strong><\/span><\/p>\n<p>E-mail <a href=\"mailto:yvonnefaust21@gmail.com\">kansplusgemert@hotmail.com<\/a><\/p>\n","protected":false},"excerpt":{"rendered":"<p>Het bestuur bestaat uit vrijwilligers, waarvan een aantal zelf ouder is van een kind met een verstandelijke beperking; anderen voelen zich betrokken. Wij streven er naar om uit ieder dorp, dat onder KansPlus regio Gemert valt, \u00e9\u00e9n of meer leden &hellip; <a href=\"https:\/\/www.kansplusregiogemert.nl\/?page_id=15\">Lees verder <span class=\"meta-nav\">&rarr;<\/span><\/a><\/p>\n","protected":false},"author":1,"featured_media":0,"parent":0,"menu_order":3,"comment_status":"closed","ping_status":"open","template":"","meta":{"footnotes":""},"class_list":["post-15","page","type-page","status-publish","hentry"],"_links":{"self":[{"href":"https:\/\/www.kansplusregiogemert.nl\/index.php?rest_route=\/wp\/v2\/pages\/15","targetHints":{"allow":["GET"]}}],"collection":[{"href":"https:\/\/www.kansplusregiogemert.nl\/index.php?rest_route=\/wp\/v2\/pages"}],"about":[{"href":"https:\/\/www.kansplusregiogemert.nl\/index.php?rest_route=\/wp\/v2\/types\/page"}],"author":[{"embeddable":true,"href":"https:\/\/www.kansplusregiogemert.nl\/index.php?rest_route=\/wp\/v2\/users\/1"}],"replies":[{"embeddable":true,"href":"https:\/\/www.kansplusregiogemert.nl\/index.php?rest_route=%2Fwp%2Fv2%2Fcomments&post=15"}],"version-history":[{"count":39,"href":"https:\/\/www.kansplusregiogemert.nl\/index.php?rest_route=\/wp\/v2\/pages\/15\/revisions"}],"predecessor-version":[{"id":9780,"href":"https:\/\/www.kansplusregiogemert.nl\/index.php?rest_route=\/wp\/v2\/pages\/15\/revisions\/9780"}],"wp:attachment":[{"href":"https:\/\/www.kansplusregiogemert.nl\/index.php?rest_route=%2Fwp%2Fv2%2Fmedia&parent=15"}],"curies":[{"name":"wp","href":"https:\/\/api.w.org\/{rel}","templated":true}]}}

<p>Het bestuur bestaat uit vrijwilligers, waarvan een aantal zelf ouder is van een kind met een verstandelijke beperking; anderen voelen zich betrokken. Wij streven er naar om uit ieder dorp, dat onder KansPlus regio Gemert valt, één of meer leden in het bestuur te hebben. Het bestuur organiseert en coördineert de eerder genoemde activiteiten en komt regelmatig (zo’n 8 keer per jaar) bijeen en probeert zich op de hoogte te houden van de regionale en landelijke ontwikkelingen op het gebied van wonen, werken, recreatie, sport en voorzieningen voor mensen met een beperking. Hiertoe bezoeken afgevaardigden uit het bestuur regionale vergaderingen en overlegorganen en er is contact met diverse hulpverleningsinstellingen. De afdeling doet jaarlijks mee aan de landelijke collecte voor mensen met een verstandelijke beperking (Collecte Fonds Verstandelijke Gehandicapten). Om de 6 weken, m.u.v. de vakantiemaanden juli en augustus, wordt door de afdeling Gemert een nieuwsbrief uitgebracht met nieuws over het werk van het bestuur en de activiteiten binnen de afdeling.</p>
<p><span style="color: #ffcc00;"><strong><strong>Voorzitter:        Ans van de Kerkhof <a href="http://www.kansplusregiogemert.nl/wp-content/uploads/2022/10/MVDK0828-2.jpg" data-rel="lightbox-image-0" data-rl_title="" data-rl_caption="" title=""><img loading="lazy" decoding="async" class="alignright wp-image-9022 " src="http://www.kansplusregiogemert.nl/wp-content/uploads/2022/10/MVDK0828-2.jpg" alt="" width="105" height="105" srcset="https://www.kansplusregiogemert.nl/wp-content/uploads/2022/10/MVDK0828-2.jpg 280w, https://www.kansplusregiogemert.nl/wp-content/uploads/2022/10/MVDK0828-2-100x100.jpg 100w" sizes="auto, (max-width: 105px) 100vw, 105px" /></a></strong></strong></span></p>
<p>Dr. Timmerslaan 27, 5741 XG Beek en Donk</p>
<p>Tel: 06<span style="font-weight: 300;"> &#8211; 25042032 E-mail: </span><a style="font-weight: 300;" href="mailto:ansvdkerkhof@onsmail.nl">ansvdkerkhof@gmail.com</a></p>
<p><span style="color: #ffcc00;"><strong><strong>Secretaris:       </strong></strong></span></p>
<p>E-mail: <a href="mailto:yvonnefaust21@gmail.com">kansplusgemert@hotmail.com</a></p>
<p><span style="color: #ffcc00;"><strong>Penningmeester:        Jan Leenders<a href="http://www.kansplusregiogemert.nl/wp-content/uploads/2022/10/MVDK2708.jpg" data-rel="lightbox-image-1" data-rl_title="" data-rl_caption="" title=""><img loading="lazy" decoding="async" class="alignright wp-image-9025 " src="http://www.kansplusregiogemert.nl/wp-content/uploads/2022/10/MVDK2708.jpg" alt="" width="105" height="105" srcset="https://www.kansplusregiogemert.nl/wp-content/uploads/2022/10/MVDK2708.jpg 280w, https://www.kansplusregiogemert.nl/wp-content/uploads/2022/10/MVDK2708-100x100.jpg 100w" sizes="auto, (max-width: 105px) 100vw, 105px" /></a></strong></span></p>
<p>Oude Bemmerstraat 8, 5741 EB  Beek en Donk</p>
<p>Tel: 06-20643139 E-mail: <a href="mailto:kansplusgemert@hotmail.com">kansplusgemert@hotmail.com</a></p>
<p><strong><span style="color: #ffcc00;">  </span></strong></p>
<p><span style="color: #000000; text-decoration: underline;"><strong>Bestuursleden</strong></span></p>
<p><span style="color: #ffcc00;"><strong>Harrie van den Berg</strong></span></p>
<p><span style="font-weight: 300;">E-mail: <a href="mailto:yvonnefaust21@gmail.com">kansplusgemert@hotmail.com</a></span></p>
<p><span style="color: #ffcc00;"><strong>Hanita Klerx</strong></span></p>
<p><span style="font-weight: 300;">E-mail: <a href="mailto:yvonnefaust21@gmail.com">kansplusgemert@hotmail.com</a></span></p>
<p><strong><span style="color: #ffcc00;">Mark Roijackers  </span></strong></p>
<p>E-mail: <a href="mailto:yvonnefaust21@gmail.com">kansplusgemert@hotmail.com</a></p>
<p><span style="color: #ffcc00;"><strong>Thea Royackers</strong></span></p>
<p>E-mail <a href="mailto:yvonnefaust21@gmail.com">kansplusgemert@hotmail.com</a></p>

<p>Het bestuur bestaat uit vrijwilligers, waarvan een aantal zelf ouder is van een kind met een verstandelijke beperking; anderen voelen zich betrokken. Wij streven er naar om uit ieder dorp, dat onder KansPlus regio Gemert valt, één of meer leden &hellip; <a href="https://www.kansplusregiogemert.nl/?page_id=15">Lees verder <span class="meta-nav">&rarr;</span></a></p>
